[INFO] fetching crate mycroft 0.0.1...
[INFO] checking mycroft-0.0.1 against try#72f88fc4e9458f89516a0b8b0868f3718aec5b47 for pr-74989
[INFO] extracting crate mycroft 0.0.1 into /workspace/builds/worker-1/source
[INFO] validating manifest of crates.io crate mycroft 0.0.1 on toolchain 72f88fc4e9458f89516a0b8b0868f3718aec5b47
[INFO] running `Command { std: "/workspace/cargo-home/bin/cargo" "+72f88fc4e9458f89516a0b8b0868f3718aec5b47" "read-manifest" "--manifest-path" "Cargo.toml", kill_on_drop: false }`
[INFO] started tweaking crates.io crate mycroft 0.0.1
[INFO] finished tweaking crates.io crate mycroft 0.0.1
[INFO] tweaked toml for crates.io crate mycroft 0.0.1 written to /workspace/builds/worker-1/source/Cargo.toml
[INFO] running `Command { std: "/workspace/cargo-home/bin/cargo" "+72f88fc4e9458f89516a0b8b0868f3718aec5b47" "generate-lockfile" "--manifest-path" "Cargo.toml" "-Zno-index-update", kill_on_drop: false }`
[INFO] running `Command { std: "/workspace/cargo-home/bin/cargo" "+72f88fc4e9458f89516a0b8b0868f3718aec5b47" "fetch" "--locked" "--manifest-path" "Cargo.toml", kill_on_drop: false }`
[INFO] running `Command { std: "docker" "create" "-v" "/var/lib/crater-agent-workspace/builds/worker-1/target:/opt/rustwide/target:rw,Z" "-v" "/var/lib/crater-agent-workspace/builds/worker-1/source:/opt/rustwide/workdir:ro,Z" "-v" "/var/lib/crater-agent-workspace/cargo-home:/opt/rustwide/cargo-home:ro,Z" "-v" "/var/lib/crater-agent-workspace/rustup-home:/opt/rustwide/rustup-home:ro,Z" "-e" "SOURCE_DIR=/opt/rustwide/workdir" "-e" "CARGO_TARGET_DIR=/opt/rustwide/target" "-e" "CARGO_HOME=/opt/rustwide/cargo-home" "-e" "RUSTUP_HOME=/opt/rustwide/rustup-home" "-w" "/opt/rustwide/workdir" "-m" "1610612736" "--user" "0:0" "--network" "none" "rustops/crates-build-env@sha256:d92eaeed33fa75130ca1ee6c8a01d1ffb62bac859dfdfb3450e3e5d1c0146529" "/opt/rustwide/cargo-home/bin/cargo" "+72f88fc4e9458f89516a0b8b0868f3718aec5b47" "metadata" "--no-deps" "--format-version=1", kill_on_drop: false }`
[INFO] [stdout] d14487fd3ada4a4e62a6983a8b68f771fd9b8afabdd00bd0a3de4a0632c72473
[INFO] [stderr] WARNING: Your kernel does not support swap limit capabilities or the cgroup is not mounted. Memory limited without swap.
[INFO] running `Command { std: "docker" "start" "-a" "d14487fd3ada4a4e62a6983a8b68f771fd9b8afabdd00bd0a3de4a0632c72473", kill_on_drop: false }`
[INFO] running `Command { std: "docker" "inspect" "d14487fd3ada4a4e62a6983a8b68f771fd9b8afabdd00bd0a3de4a0632c72473", kill_on_drop: false }`
[INFO] running `Command { std: "docker" "rm" "-f" "d14487fd3ada4a4e62a6983a8b68f771fd9b8afabdd00bd0a3de4a0632c72473", kill_on_drop: false }`
[INFO] [stdout] d14487fd3ada4a4e62a6983a8b68f771fd9b8afabdd00bd0a3de4a0632c72473
[INFO] running `Command { std: "docker" "create" "-v" "/var/lib/crater-agent-workspace/builds/worker-1/target:/opt/rustwide/target:rw,Z" "-v" "/var/lib/crater-agent-workspace/builds/worker-1/source:/opt/rustwide/workdir:ro,Z" "-v" "/var/lib/crater-agent-workspace/cargo-home:/opt/rustwide/cargo-home:ro,Z" "-v" "/var/lib/crater-agent-workspace/rustup-home:/opt/rustwide/rustup-home:ro,Z" "-e" "SOURCE_DIR=/opt/rustwide/workdir" "-e" "CARGO_TARGET_DIR=/opt/rustwide/target" "-e" "CARGO_INCREMENTAL=0" "-e" "RUST_BACKTRACE=full" "-e" "RUSTFLAGS=--cap-lints=forbid" "-e" "CARGO_HOME=/opt/rustwide/cargo-home" "-e" "RUSTUP_HOME=/opt/rustwide/rustup-home" "-w" "/opt/rustwide/workdir" "-m" "1610612736" "--user" "0:0" "--network" "none" "rustops/crates-build-env@sha256:d92eaeed33fa75130ca1ee6c8a01d1ffb62bac859dfdfb3450e3e5d1c0146529" "/opt/rustwide/cargo-home/bin/cargo" "+72f88fc4e9458f89516a0b8b0868f3718aec5b47" "check" "--frozen" "--all" "--all-targets" "--message-format=json", kill_on_drop: false }`
[INFO] [stdout] 7213e8e7666bbe775e9add2a8d2f447a37545a38b5c1b3b4a4490d8765d5f4aa
[INFO] [stderr] WARNING: Your kernel does not support swap limit capabilities or the cgroup is not mounted. Memory limited without swap.
[INFO] running `Command { std: "docker" "start" "-a" "7213e8e7666bbe775e9add2a8d2f447a37545a38b5c1b3b4a4490d8765d5f4aa", kill_on_drop: false }`
[INFO] [stderr]    Compiling libc v0.2.77
[INFO] [stderr]     Checking adler v0.2.3
[INFO] [stderr]     Checking gimli v0.22.0
[INFO] [stderr]    Compiling byteorder v1.3.4
[INFO] [stderr]     Checking unicode-xid v0.0.4
[INFO] [stderr]     Checking object v0.20.0
[INFO] [stderr]     Checking rustc-demangle v0.1.16
[INFO] [stderr]     Checking cfg-if v0.1.10
[INFO] [stderr]     Checking ascii v0.7.1
[INFO] [stderr]     Checking quote v0.3.15
[INFO] [stderr]     Checking synom v0.11.3
[INFO] [stderr]     Checking miniz_oxide v0.4.1
[INFO] [stderr]     Checking syn v0.11.11
[INFO] [stderr]     Checking combine v2.5.2
[INFO] [stderr]     Checking addr2line v0.13.0
[INFO] [stderr]     Checking backtrace v0.3.50
[INFO] [stderr]     Checking error-chain v0.11.0
[INFO] [stderr]     Checking mycroft v0.0.1 (/opt/rustwide/workdir)
[INFO] [stdout] error[E0463]: can't find crate for `mycroft_macros`
[INFO] [stdout]  --> benches/clique.rs:3:1
[INFO] [stdout]   |
[INFO] [stdout] 3 | extern crate mycroft_macros;
[INFO] [stdout]   | ^^^^^^^^^^^^^^^^^^^^^^^^^^^^ can't find crate
[INFO] [stdout] 
[INFO] [stdout] 
[INFO] [stdout] error[E0463]: can't find crate for `mycroft_macros`
[INFO] [stdout]  --> benches/triangle.rs:4:1
[INFO] [stdout]   |
[INFO] [stdout] 4 | extern crate mycroft_macros;
[INFO] [stdout]   | ^^^^^^^^^^^^^^^^^^^^^^^^^^^^ can't find crate
[INFO] [stdout] 
[INFO] [stdout] 
[INFO] [stdout] error: aborting due to previous error
[INFO] [stdout] 
[INFO] [stdout] 
[INFO] [stdout] For more information about this error, try `rustc --explain E0463`.
[INFO] [stdout] 
[INFO] [stdout] error: aborting due to previous error
[INFO] [stdout] 
[INFO] [stdout] 
[INFO] [stdout] For more information about this error, try `rustc --explain E0463`.
[INFO] [stdout] 
[INFO] [stderr] error: could not compile `mycroft`.
[INFO] [stderr] 
[INFO] [stderr] To learn more, run the command again with --verbose.
[INFO] [stderr] warning: build failed, waiting for other jobs to finish...
[INFO] [stdout] error[E0463]: can't find crate for `mycroft_macros`
[INFO] [stdout]  --> benches/insert.rs:4:1
[INFO] [stdout]   |
[INFO] [stdout] 4 | extern crate mycroft_macros;
[INFO] [stdout]   | ^^^^^^^^^^^^^^^^^^^^^^^^^^^^ can't find crate
[INFO] [stdout] 
[INFO] [stdout] 
[INFO] [stdout] error: aborting due to previous error
[INFO] [stdout] 
[INFO] [stdout] 
[INFO] [stdout] For more information about this error, try `rustc --explain E0463`.
[INFO] [stdout] 
[INFO] [stderr] error: build failed
[INFO] running `Command { std: "docker" "inspect" "7213e8e7666bbe775e9add2a8d2f447a37545a38b5c1b3b4a4490d8765d5f4aa", kill_on_drop: false }`
[INFO] running `Command { std: "docker" "rm" "-f" "7213e8e7666bbe775e9add2a8d2f447a37545a38b5c1b3b4a4490d8765d5f4aa", kill_on_drop: false }`
[INFO] [stdout] 7213e8e7666bbe775e9add2a8d2f447a37545a38b5c1b3b4a4490d8765d5f4aa
